mainder when q(10) is divided by 5?
2
Let f = 3 - 0. Suppose f*m + 1 = -4*w + 68, 4*w + m = 65. What is the remainder when w is divided by 9?
7
Let v(y) = -5*y - 2. Let a be v(2). Let f = a - -17. Suppose -3*h - 210 = -f*k - 48, 2*k - 52 = -2*h. Calculate the remainder when k is divided by 16.
14
Suppose 27 = a + 3*a - 5*t, -t + 17 = 2*a. What is the remainder when a is divided by 5?
3
Calculate the remainder when 0/(-3 - -6) - -13 is divided by 8.
5
Let v(u) = 11*u**2 - u + 4. What is the remainder when 54 is divided by v(1)?
12
Let n(q) = -q + 4. Let k be n(5). Let b = 7 + k. Suppose x + 85 = b*x + 2*z, 0 = 3*z. What is the remainder when 32 is divided by x?
15
What is the remainder when 56 is divided by 1053/52 - (-2)/(-8)?
16
Suppose 4*c = 9*c - 3*k + 32, -2*c - 24 = -4*k. Let a be -3*((-24)/9)/c. Calculate the remainder when (58*a)/(2 - 4) is divided by 20.
18
Calculate the remainder when 8 - -63 - 0/(-2) is divided by (-94)/(-4) - (-1)/2.
23
Let m = -3 + 5. Let c be (-5)/5 + -1 + m. Let r = 16 + c. Calculate the remainder when 30 is divided by r.
14
Let z(j) be the third derivative of 3*j**4/8 + j**3 + 6*j**2. What is the remainder when z(5) is divided by 13?
12
Let i = 65 + -18. What is the remainder when i is divided by 24?
23
Let j = 32 - 21. What is the remainder when (13 - j)/(2/31) is divided by 8?
7
Suppose 3*q = -5*j, 0 = -4*q + 3*j + j. Suppose q = -p + 5*p - 3*u - 185, 2*p = 4*u + 100. What is the remainder when p is divided by 23?
21
Suppose 3*v - 2*k = 15, 2*k + 0 - 20 = -4*v. Calculate the remainder when v is divided by 2.
1
Suppose 3*d - 3 = 0, 0 = 5*v - 12*d + 8*d - 131. What is the remainder when 78 is divided by v?
24
Suppose -w = w - 46. Calculate the remainder when w is divided by 10.
3
Calculate the remainder when (-10)/2 + (60 - 7) is divided by 17.
14
Let q = 6 + 16. Let g be (-3 - -8)*(0 + 1). Let p = 7 + g. What is the remainder when q is divided by p?
10
Let d be 36 + -1 - 2/(-2). Suppose -b + 0*b + d = 0. Let j = b - 26. What is the remainder when j is divided by 6?
4
Let w(v) = v + 20. Calculate the remainder when 42 is divided by w(-9).
9
Let d(y) = -y**3 + 13*y**2 + 2*y - 1. Let j be d(13). Suppose -j*q + 29*q - 180 = 0. What is the remainder when q is divided by 16?
13
Let q = 14 - 21. Let g(l) = -l**2 - 9*l - 5. Let j = 13 - -2. Calculate the remainder when j is divided by g(q).
6
Suppose -30*v + 29*v = -49. What is the remainder when 96 is divided by v?
47
Let g = 36 + -8. Suppose -52 = 4*d - 2*z, 4*d + 0*z - z = -56. Let c = d + g. What is the remainder when c is divided by 5?
3
Suppose y = 5 - 0. Suppose 0 = -y*s + 2 + 33. Suppose 3*t + t = 48. Calculate the remainder when t is divided by s.
5
Let f be 0 - (-5)/((-10)/(-32)). Let w = f + -5. What is the remainder when w is divided by 6?
5
Let u(o) = o**3 + 23*o**2 + 22*o + 27. What is the remainder when u(-22) is divided by 15?
12
Let x = -17 + 18. Calculate the remainder when 2 is divided by x.
0
Suppose 2*r - 6 = -2*y, 5*y - 11 + 0 = -r. Suppose t + 6 = -5*q - 11, 47 = 4*t - 3*q. What is the remainder when (29 + 1)*r/2 is divided by t?
7
Let u = -3 + 12. Let p(b) = b + 2. What is the remainder when p(u) is divided by 3?
2
Let h = 69 + -28. What is the remainder when h is divided by 14?
13
Suppose 64 + 11 = 3*v. Calculate the remainder when v is divided by 10.
5
Let i be 1/(-2) + 2/(-4). Let c be ((-5)/(-15))/(i/(-39)). Suppose 8 = 3*k - c. What is the remainder when 12 is divided by k?
5
Let r = -12 + 20. What is the remainder when 20 is divided by (44/r)/((-2)/(-4))?
9
Let z(t) = -2*t - 5. Calculate the remainder when z(-10) is divided by 4.
3
Suppose -t + 61 = 2*t + v, 4*t - 3*v = 90. Calculate the remainder when t is divided by 13.
8
Suppose 4*n = -w + 20, -2*n = 4*w + 3*n - 36. Calculate the remainder when 7 is divided by w.
3
Let z(n) = n**3 + 7*n**2 - 5*n + 4. Let g be z(-8). What is the remainder when 10/g - (-30)/4 is divided by 4?
3
Calculate the remainder when ((-244)/(-6))/(4/6) is divided by 16.
13
Suppose 0 = 3*c + 2 + 4. Let l = c - -24. What is the remainder when l is divided by 8?
6
Let k(a) = a**3 + 14*a**2 + 14*a + 31. Calculate the remainder when 57 is divided by k(-13).
3
Suppose -30 = -5*b + 3*b. Let c(k) = k**3 + 7*k**2 + 5*k - 1. Calculate the remainder when c(-4) is divided by b.
12
Suppose 3*k = 6 + 69. Calculate the remainder when 98 is divided by k.
23
Calculate the remainder when 780/9 - (-4)/12 is divided by 15.
12
Let l = 30 - 8. Suppose 2*s = 13 + 11. Suppose 0 = h - 0*h - s. What is the remainder when l is divided by h?
10
Suppose 2*s = 7*s. Suppose 15 + s = -5*y. Calculate the remainder when ((-9)/2)/(y/4) is divided by 4.
2
Let y(j) = -3*j - 10. What is the remainder when 55 is divided by y(-6)?
7
Let l be (-29)/(-4) + (-5)/20. Suppose l*i - 3*i = 28. Let y = -3 + i. Calculate the remainder when y is divided by 3.
1
Let i = -56 + 85. Let x = i - -28. What is the remainder when x is divided by 15?
12
Let c = -21 - -34. Let g(t) = t**2 - 4*t + 2. Calculate the remainder when g(7) is divided by c.
10
Suppose -4*b = -5*p + 561, -5*p + b = -2*b - 557. Let w = -54 + p. Calculate the remainder when w is divided by 19.
17
Let z = 30 + -10. Let n(g) = g**2 + 16*g - 46. What is the remainder when n(5) is divided by z?
19
Let x = -32 + 39. Calculate the remainder when x is divided by 5.
2
Let t(x) = -x + 5. Let r be t(4). Let d be 25/3 - (-2)/3. Calculate the remainder when d*-2*(-2 + r) is divided by 10.
8
Let r(m) = 13*m**3 - 1. Let z(l) = -l**2 - 11*l + 8. What is the remainder when r(1) is divided by z(-11)?
4
Suppose s = -0*s. Suppose z - h + 6*h - 36 = s, 5*h = 2*z + 3. Calculate the remainder when 31 is divided by z.
9
Let a(i) = -i**2 - 15*i - 8. Calculate the remainder when a(-7) is divided by 17.
14
Suppose 5*h = -i + 21, 4*i + 10 - 124 = -5*h. Calculate the remainder when i is divided by 12/(-8)*(-44)/6.
9
Let c(m) = 5*m - 4. Let h(v) = v - 5. Suppose 0 = g - 2*g + 8. Let x be h(g). What is the remainder when c(x) is divided by 4?
3
Let b = 89 + 13. Calculate the remainder when b is divided by 35.
32
Let o be (48/(-3))/(-2) + -2. Calculate the remainder when 29 is divided by 108/11 + o/33.
9
Suppose 9*u - 5*u = 16. Suppose 0*b - 90 = -u*b + 2*t, 5*b - 114 = 4*t. Calculate the remainder when b is divided by 6.
4
Suppose 26 + 18 = 2*h. Suppose 7 = l - h. What is the remainder when l is divided by 15?
14
Let m(p) be the third derivative of p**5/30 - p**4/6 + 5*p**3/6 - 3*p**2. Calculate the remainder when m(-4) is divided by 14.
11
Let o be 2/(-15) - 282/(-90). Suppose -5*q = 2*s + o*s - 20, 4*q = 4*s. Calculate the remainder when 2 is divided by q.
0
Calculate the remainder when 25 is divided by 3/2*476/255*5.
11
Suppose q - 5*q - 104 = 0. Let h = -22 - q. What is the remainder when 4 is divided by h?
0
Let g(q) = 2*q**3 - 11*q**2 - 7*q + 17. What is the remainder when 41 is divided by g(6)?
8
Let b(f) = -5*f - 4*f - 5*f - f**2 + 2*f - 5. What is the remainder when 16 is divided by b(-11)?
4
Suppose 0*t + 59 = -4*k + 5*t, -t = -4*k - 47. Let i = k - -7. What is the remainder when 41 is divided by 84/(-9)*6/i?
13
Let o(t) = -t - 4. Suppose 26 + 29 = -5*h. What is the remainder when o(h) is divided by 5?
2
Calculate the remainder when 169 is divided by 2/4 - (-2 - (-243)/(-6)).
40
Let i(b) = -b**3 + 15*b**2 - 28*b + 1. What is the remainder when i(12) is divided by 20?
17
Suppose 0 = -4*q + 4 - 0. Let k(z) = 25*z**3. What is the remainder when k(q) is divided by 9?
7
Let t be (3 - 1)*5/2. Suppose -40 = -t*d + 5. What is the remainder when 26 is divided by d?
8
Let s(u) = -u**2 - 11*u - 7. Let d be s(-10). Suppose 2*g - d*g + 19 = 0. Calculate the remainder when g is divided by 7.
5
Let f = 20 + 21. Let p = -13 + 27. Calculate the remainder when f is divided by p.
13
Let k(r) = -r**3 - 3. Let m be k(0). Let v be m/(1/1) + -18. Let y = v - -29. What is the remainder when y is divided by 3?
2
Let t(g) = g**3 + 26*g**2 + 46*g - 2. Calculate the remainder when t(-24) is divided by 19.
8
Let z(r) be the second derivative of -2*r**3 - r**2/2 - r. Let c be z(2). Let b = -18 - c. What is the remainder when b is divided by 4?
3
Let s(l) = -5*l - 40. Calculate the remainder when 44 is divided by s(-11).
14
Suppose -3312 - 98 = -